
2, 13
Let u = 12 - 17. Let s(g) = -3*g - 2. What are the prime factors of s(u)?
13
Suppose r = 1 + 8. Let s = -4 + r. Suppose -4*m = s*q - 25, 0 = -2*q + 3*m + 8 + 2. What are the prime factors of q?
5
Suppose -101 = -2*l + 53. List the prime factors of l.
7, 11
Suppose 5*o - 30 = -4*h, 2*o - 9 = -4*h + 3*h. Suppose o*w = -2*w + 104. What are the prime factors of w?
2, 13
Suppose -7 = -3*b + 20. List the prime factors of 452/12 + (-6)/b.
37
Suppose -5 - 1 = -2*z. Suppose 4*b - z*b + 2 = 0. Let k(p) = -p**3 - p**2 - 4*p - 3. What are the prime factors of k(b)?
3
Let a = 86 - 10. Let t = -31 + a. What are the prime factors of t?
3, 5
Let y = -11 - -13. What are the prime factors of y?
2
Suppose 3*w - 3*u = 2*u + 121, w = 4*u + 38. List the prime factors of w.
2, 3, 7
List the prime factors of 6/(-4)*(-2080)/24.
2, 5, 13
Suppose -3*o - 6 = -5*x + 1, o - 1 = 0. Suppose 0 = m - x - 0. Suppose -s + m = -10. List the prime factors of s.
2, 3
Let p(d) = -22*d + 24. List the prime factors of p(-7).
2, 89
Let u = 0 - -7. Let f(x) = 4*x**2 - 7 + x**2 - 5*x - 4*x**2. List the prime factors of f(u).
7
Suppose -4*j = 16, -2*j - 20 = -3*h - 0*h. Let t be 11 + 3 + 3 + -4. Suppose n = 5*z - h - t, -4*n = -5*z - 7. List the prime factors of n.
2
Let o(i) = i**2 + 5*i + 8. What are the prime factors of o(-4)?
2
Let i(s) = s + 6. What are the prime factors of i(5)?
11
Let i be (-1 - 122)*(-5)/(-15). Let p = 59 + i. What are the prime factors of p?
2, 3
Let z(w) = -w**3 + 8*w**2 - 15*w + 9. Let i be z(6). Let g = i - -36. What are the prime factors of g?
3
Let y = 7 - 4. Suppose -4*k + 5*v + 41 = 0, -2*k - y*k = -2*v - 30. What are the prime factors of k?
2
Suppose -2*u + 20 = 4*r, 3*u = -3*r - 0*u + 15. Let v = -3 + r. What are the prime factors of v?
2
Suppose 4*n - 24 = -2*h + 8, 4*n - 28 = -4*h. What are the prime factors of n?
3
Let y(t) = -261*t**3 + 3*t**2 + 2*t + 1. List the prime factors of y(-1).
263
Let o be 8/24 - (-89)/3. Suppose 0 = 5*n + 3*r - 129, 132 = 4*n + 3*r + o. What are the prime factors of n?
3
What are the prime factors of 8/(-14) + (-340)/(-7)?
2, 3
Suppose 0*a - 4 = a. Let d(u) = -2*u - 2. Let h be d(a). Suppose -g + 0 + h = 0. What are the prime factors of g?
2, 3
Let k(g) = 2*g**2 - 17*g + 9. Let x(n) = -4*n**2 + 33*n - 17. Let f(z) = -5*k(z) - 3*x(z). List the prime factors of f(9).
2, 3, 7
Suppose 4*f + 167 - 63 = m, -2*f = 8. What are the prime factors of m?
2, 11
Suppose 5 = 2*r - 37. What are the prime factors of r?
3, 7
Let f = 42 - -6. List the prime factors of f.
2, 3
Suppose 0 = -3*h - 2*g - g + 9, g + 3 = 2*h. Suppose -h*x + 3*w + 22 = 0, 11 = 3*x - 0*w + w. List the prime factors of x.
5
Let y be (-2 - 2)*2/(-2). Suppose 4 = n + 2*a, -3*a = n - y*a + 5. What are the prime factors of (-2*2)/(-4 - n)?
2
Let o be (-3)/9*0 + 0. Suppose o*l = 2*l - 36. What are the prime factors of l?
2, 3
Let b be (-2)/(-1 + 4 - 5). What are the prime factors of (-39)/(-18) + b/(-6)?
2
Let j(c) = -37*c**3 - c**2 - 2*c - 1. What are the prime factors of j(-1)?
37
Suppose -4*i - i = 0. Suppose -4*h = z - 24, i - 4 = -z. Suppose -s = -h*s + 64. List the prime factors of s.
2
Suppose -3*l + 3*y = -0*y - 21, -5 = y. Suppose u + 5*v - 2*v = 51, 0 = -l*v + 2. List the prime factors of u.
2, 3
Let u = -15 - -15. Let w(q) be the first derivative of -q**3/3 + 7*q + 1. List the prime factors of w(u).
7
Let u(b) = -4*b + 7. List the prime factors of u(-3).
19
Suppose -2*v + 0*v = -y - 7, -v + 5*y - 1 = 0. Suppose -4*c = b - 130, 5*b + v = -6. List the prime factors of c.
3, 11
Suppose -14*n + 75 = 19. List the prime factors of n.
2
Suppose 2*x + 0*x - 6 = 0. Suppose -4*t + 19 = -3*m, -t + 4*t - 18 = x*m. What are the prime factors of (t - 2)*(-2 - 0)?
2
Let x(d) = 3 - 1 + 4 + d. Let f be x(-4). List the prime factors of 155/25 + f/(-10).
2, 3
Let g(l) = -l**3 + 10*l**2 - 10*l + 6. Let k be g(9). What are the prime factors of (-6)/(-9)*-5*k?
2, 5
List the prime factors of (3 - 5)*-8 + -3.
13
Let b(v) = -3*v**2 - 3*v. Let c be b(-2). Let m = -4 - c. Suppose 5*w + 0*w - 2*o - 18 = 0, o + 8 = m*w. List the prime factors of w.
2
Suppose 2*g = o + 9, 17 + 4 = 4*g + o. Suppose 2*m = -g*y - 15, y - 6 - 14 = -5*m. What are the prime factors of m?
5
Let w be (-52)/(-6) - 2/3. List the prime factors of (-1 - -3)*44/w.
11
Suppose -4*g = -g + 3*z - 3, 39 = 4*g - 3*z. Suppose 45 = 2*b + h - 33, -3*h = g. What are the prime factors of b?
2, 5
Let p be 1/3 + (-5)/(-3). Suppose 5*j + 4*m = 20, 4*j - 16 + 0 = -p*m. Suppose -2*y - j*f = -8, f + 2 = -1. List the prime factors of y.
2, 5
Let o = -55 - -144. What are the prime factors of o?
89
Suppose 3*j + 0*j = 2*m + 358, -3*m - 476 = -4*j. What are the prime factors of j?
2, 61
Let q = 4 + 9. What are the prime factors of q?
13
Let p = 52 + -37. List the prime factors of 27/p + 4/20.
2
Let i(s) = -s**3 - 5*s**2 + 1. Let z(j) = j**2 - 5*j - 1. Let u be z(4). Let t be i(u). List the prime factors of t/2*-2 + 3.
2
Suppose 0 = -3*p - 4*t + 84, 4*p - 145 = -3*t - 40. Let x = p + 13. List the prime factors of x.
37
What are the prime factors of (-2)/(-2) + 108/3?
37
Suppose 4*s + 0*s - 148 = 0. What are the prime factors of s?
37
Let i = 2 + -3. Let r be ((-9)/6 - i)*2. List the prime factors of 10 + 3*r/(-1).
13
Suppose -4*a = -2*a - 154. What are the prime factors of a?
7, 11
Let n(z) = -5 + 1 + 0*z + 4*z. Let p(v) = v - 3. Let a be p(7). List the prime factors of n(a).
2, 3
Let u be (-11)/(-1*2/6). Suppose -3*r = -0*r - u. List the prime factors of r.
11
Suppose -2*q = 2*q - 88. What are the prime factors of q?
2, 11
Let c be 8/1 + (1 - 2). Let n be c/(-3)*(2 - 5). Let b(h) = h**3 - 7*h**2 + h. What are the prime factors of b(n)?
7
Let m = 3 - -8. List the prime factors of m.
11
Suppose 0 = -2*q - 4*k + 24, -16 = -3*q + 2*k - 4*k. Suppose -5*j + 12 = -q*i - 1, -14 = -4*j - 2*i. What are the prime factors of j?
3
Suppose -g = 2*x - 5*g - 24, 4*x = 5*g + 60. What are the prime factors of x?
2, 5
Let c(z) = z**3 + 10*z**2 + 9*z - 4. Let a be c(-9). Let o be 34/10 + a/10. What are the prime factors of -4*(-3)/6*o?
2, 3
Let h(z) = z - 9. Let t be -1 + 0 + 1 + 11. Let d be h(t). Suppose 3*a + 17 = d*y - 1, -y + 9 = -5*a. What are the prime factors of y?
3
Let t(o) = -6*o**2 - 8*o - 3 + 12 - 2*o**3 + 3*o**3. Let a be t(7). List the prime factors of ((-3)/a)/(9/(-120)).
2, 5
List the prime factors of 45*-3*(-12)/27.
2, 3, 5
Let u(f) = f**3 - 6*f**2 - 6*f - 10. Let y be u(7). Let g = y + 1. Let k(n) = -2*n**3 - n**2 - n - 2. What are the prime factors of k(g)?
2, 3
Suppose -2 + 7 = y - 2*u, 0 = -u. Suppose -y*i = -0*i + q - 5, 0 = -3*i + 3*q - 15. Suppose -5*w + i*w = -15. What are the prime factors of w?
3
Let m = -78 - -211. What are the prime factors of m?
7, 19
Let c = 25 - 39. What are the prime factors of (-39)/(-2) + 7/c?
19
Let b be ((-2)/(-4))/(1/(-12)). Let r be b/12*0/(-1). Suppose -22 = -4*q + 2*p, r = 3*p + 9 - 24. What are the prime factors of q?
2
Let c(a) = -2*a - 8. Let n be c(-13). Suppose -7 + 1 = -3*w. Suppose -w*u = u - n. What are the prime factors of u?
2, 3
Let o(u) = u**2 - 6*u + 8. Let d be 3 + 2 - (-5 - -3). List the prime factors of o(d).
3, 5
Let p be (-2 + 3)/((-1)/(-6)). Suppose i - 5*k = -5 - p, -2*i = -3*k - 13. List the prime factors of i.
2, 7
Let n(c) = c**2 + 6*c + 8. Suppose -3 = a + 4. Let p be n(a). Suppose -20 = 5*z, -19 - p = -5*u + z. List the prime factors of u.
2, 3
Let j be ((-30)/8)/((-3)/8). List the prime factors of (1 - -4)*8/j.
2
Suppose 2*f = -2*f + 12. What are the prime factors of (-1403)/(-69) - 1/f?
2, 5
Suppose 2*r + 33 = 2*p + 5*r, 3*p - 7 = 4*r. Suppose 0 = a + 5*j + 24, -a + j - 9 = 3*j. List the prime factors of a + (p - (2 + -4)).
2, 3
Let d(i) = -3*i - i**3 - 8 + 2*i**2 - i**2 + 6*i**2. List the prime factors of d(6).
2, 5
Let h be 908/36 - (-2)/(-9). Suppose -o = -5*d + 2*o + h, -50 = -5*d - 2*o. List the prime factors of d.
2
Suppose -2*f + 156 = 2*f. List the prime factors of f.
3, 13
Let a be (-8 - -4)*(-69)/(-12). Let l = 6 - a. What are the prime factors of l?
29
Let f = -2 + 2. Suppose x - 21 = -f*x. Let o = 31 - x. List the prime factors of o.
2, 5
Suppose -i + 5*i = 52. Suppose 8 = -a + i. What are the prime factors of a?
5
Let s be ((-1)/(-2))/(6/24). Suppose 